nder when v(-4) is divided by 11?
10
Suppose 7*v - 12*v = 700. Let c = -98 - v. Suppose -2*u - 55 = -7*u. What is the remainder when c is divided by u?
9
Let k(j) = j**2 + 9*j - 7. Let u be k(-10). Suppose c + 125 = u*x - c, -2*c + 31 = x. Calculate the remainder when 154 is divided by x.
37
Let g = -97 - -137. Calculate the remainder when 103 is divided by g.
23
Suppose -4*z - 8 = -88. Calculate the remainder when (0 - -1) + 58 + -2 is divided by z.
17
Let j = 86 + -30. Suppose 8*f - 54 = 3*f + b, -4*f + j = -4*b. What is the remainder when 19 is divided by (f/4)/((-1)/(-2))?
4
Let c = -1479 + 1484. Calculate the remainder when 170 is divided by c.
0
Suppose 2*m = -45*t + 46*t - 433, 1292 = 3*t + m. What is the remainder when t is divided by 65?
41
Let w = 29 - 27. Suppose -10 = -2*y - w. Let t = 43 - 28. Calculate the remainder when t is divided by y.
3
Suppose 267 = -66*d + 69*d. What is the remainder when d is divided by 10?
9
Suppose 14*m = 20*m - 408. What is the remainder when m is divided by 24?
20
Let t(x) = 1. Let v(z) = -9*z + 2. Let f(k) = -4*t(k) + v(k). What is the remainder when 5 + 2/(-1) + 16 is divided by f(-1)?
5
Suppose -43*c = -51*c + 208. What is the remainder when 466 is divided by c?
24
Let d(m) = 3*m**2 + 16*m - 13. Let q(b) = 5*b**2 + 17*b - 13. Let k(u) = 3*d(u) - 2*q(u). What is the remainder when 137 is divided by k(11)?
17
Let o(x) = 2*x + 34. Calculate the remainder when 57 is divided by o(-2).
27
Suppose 22 = 9*o - 23. Suppose -o*h - 21 = -f, -2*f - 60 = -4*f + 4*h. What is the remainder when f is divided by 11?
3
Let y = -216 - -324. What is the remainder when y is divided by 19?
13
Let w(h) = h**2 - h - 8. Let x be w(6). Let a = -19 + x. Suppose 60 = -a*q + 8*q. Calculate the remainder when 45 is divided by q.
9
Suppose 850*i = 842*i + 416. What is the remainder when 200 is divided by i?
44
Suppose -u + 4*a + 13 = 0, u - 16 = -u + 3*a. What is the remainder when 17 is divided by u?
2
Let o = 2 - -5. Suppose 3*x = -a + 72, 2*a - o - 17 = -x. Calculate the remainder when x is divided by 9.
6
Calculate the remainder when 67 is divided by (-7)/(-147)*24*28.
3
Suppose 2*p + 20*n - 259 = 23*n, -4*p - 3*n = -491. What is the remainder when p is divided by 33?
26
Let v(o) = 2*o**2 - 19*o - 9. Let g be v(10). What is the remainder when 54 is divided by (g/(2/(-29)))/((-4)/8)?
25
Suppose -3*h - 6*h + 45 = 0. Suppose 2*k - 47 = -3*w, h*k + 21 = 6*k + 4*w. Calculate the remainder when 74 is divided by k.
24
Let q be (-18)/(-24) + 1558/(-8). Let i = 138 + q. Let v = i + 90. What is the remainder when 65 is divided by v?
31
Suppose 35*o - 40*o = -265. Calculate the remainder when o is divided by 15.
8
Let a(n) = 29*n - 650. Calculate the remainder when a(36) is divided by 76.
14
Let u(d) be the first derivative of -d**2 - 10*d**4 - 1/3*d**3 + 3 - d. What is the remainder when u(-1) is divided by 14?
12
Suppose 2*k - 116 = -2*k. Let o be (6/9)/(1/21). Let c = o + -4. Calculate the remainder when k is divided by c.
9
Let o = -794 - -868. Calculate the remainder when o is divided by 24.
2
Suppose -c + 48 = -6. Calculate the remainder when 120 is divided by c.
12
Let r = 205 - 110. Suppose 3*h - 88 - r = 0. What is the remainder when h is divided by ((-12)/(-10))/(24/320)?
13
Let a(n) = 67*n - 51. What is the remainder when a(2) is divided by 45?
38
Let b(v) = -v**3 - 19*v**2 + 295*v - 23. Let k = 238 - 134. What is the remainder when k is divided by b(10)?
23
Let z(q) = -7*q + 308. Calculate the remainder when 108 is divided by z(43).
3
Let b(g) = -g**2 - 15*g + 255. Calculate the remainder when 209 is divided by b(-23).
67
Let x(f) = 2*f**2 - 5*f - 50. Calculate the remainder when x(8) is divided by 8.
6
Suppose -w + 14 = -2*n - 41, -153 = -3*w + 3*n. Calculate the remainder when 91 is divided by w.
44
Suppose h + 25 = 26. Let y(k) = 8*k. Calculate the remainder when y(h) is divided by 5.
3
Let m(q) = -q**2 - 35*q - 175. Calculate the remainder when 73 is divided by m(-28).
10
Let i(l) = -4*l**2 - 2*l + 3. Let w be i(-3). Let t = 68 + w. What is the remainder when t is divided by -4*44/(-16)*2?
19
Let k(d) = 77*d - 95. What is the remainder when k(4) is divided by 24?
21
Suppose -3*m + 12 = 18. What is the remainder when 50 is divided by m + (0 + 2 - -14)?
8
Suppose -23*z + 30*z - 2128 = 0. Suppose -z = -14*r + 6*r. Calculate the remainder when r is divided by 26.
12
Suppose 5 = 5*b + y, -3*y - 10 = -5*b - 25. Suppose b = -5*d + 757 + 758. Calculate the remainder when d is divided by 38.
37
Suppose 0 = -46*s + 4084 - 1002. Calculate the remainder when 388 is divided by s.
53
Let w(m) = -4*m + 64. What is the remainder when 590 is divided by w(12)?
14
Suppose -w - 2*a - 6 = a, 2*w - 3*a - 15 = 0. Let v = 9 - 4. What is the remainder when 69 is divided by (w - 0/v)*12?
33
Suppose 3*w = k + 171, 0 = 4*w - k - 126 - 103. Calculate the remainder when w is divided by (-35)/(-10) + -1 - (-140)/8.
18
Let y = 31 + -20. Suppose 793 = 4*z - 5*i, 2*i - 5*i = -4*z + 799. Suppose 214 = 5*t - r, 2*t = -3*t - 2*r + z. Calculate the remainder when t is divided by y.
9
Suppose 0 = -4*o + o + 3*t + 9, -20 = -4*o - 4*t. Let s be 3*((-6)/(-27))/(8/276). Suppose -19*n + s*n = 40. What is the remainder when n is divided by o?
2
Let g(w) = 3*w**2 + 8*w + 4. Let l(x) = x**2 - 8*x + 15. Let b be l(6). Suppose 0 = -d + b*d + 10. What is the remainder when g(d) is divided by 10?
9
Suppose 3*y + 9 = 21. Suppose 2*g - 17 = -3*p, -y*p - p - 3*g + 30 = 0. Calculate the remainder when 1*(14 + (-2)/(-2)) is divided by p.
6
Suppose -2*r = s + 416, 0 = 3*s - 0*r + 5*r + 1250. Calculate the remainder when (((-3)/(-4))/(-1))/(21/s) is divided by 6.
3
Let p be 11 - (-1 - 2*1/2). Suppose -p*s + 260 = -26. Calculate the remainder when 217 is divided by s.
19
Let s = 37 + 66. Suppose 8*w + y = 3*w + s, -4*w + y + 86 = 0. What is the remainder when ((-83)/(-4))/((2/(-12))/((-34)/51)) is divided by w?
20
Suppose 4*w + 0*m = -2*m + 34, 5*w - m - 53 = 0. Suppose 8*x - 42 = -w. What is the remainder when 34 is divided by x?
2
Let q be (-9070)/(-8) - 1/(-16)*4. Suppose -6*b - q = -12*b. Calculate the remainder when b is divided by 24.
21
Suppose 14*i + 46 = 16*i. Suppose -37 = -a - i. What is the remainder when 25 is divided by a?
11
Let k be (21/4)/(5/20). Suppose -66 = -k*s + 18*s. Calculate the remainder when 42 is divided by s.
20
Let w = 2178 + -2161. Suppose 0 = 4*i + 3*h - 101 - 83, -5*h - 216 = -4*i. What is the remainder when i is divided by w?
15
Let m = -46 - -46. Suppose m = -d + 2*o - 6 + 17, -3*d + o + 33 = 0. Calculate the remainder when d is divided by 1 - (0 - -2)*-1.
2
Calculate the remainder when 142 is divided by (5 - (-117)/(-36))*(-176)/(-4).
65
Let f(s) = 2*s**3 - 22*s**2 - 2*s + 28. Let i(u) = -u**3 + 10*u**2 - 7*u - 5. What is the remainder when i(9) is divided by f(11)?
1
Let c = -41 - -105. What is the remainder when 435 + (-81)/(-9) - (-2)/2 is divided by c?
61
Let b be (-12)/(-3*2/(-6)). Let n be (-1 - -2)*(3 + b). What is the remainder when 15 is divided by (-18 + n)*(-1)/3?
6
Calculate the remainder when 30 is divided by ((-16)/(-12))/(72/378).
2
Suppose -2*b + 154 + 78 = -4*h, 0 = 3*h + 6. Calculate the remainder when b is divided by 79.
33
Let i = 44 + -64. Let l = 29 + i. Calculate the remainder when 33 is divided by l.
6
Let n(b) = b. Let c be n(8). Let d = c + 9. Suppose 3*w - 4*k + 44 - 237 = 0, 2*k + 264 = 4*w. What is the remainder when w is divided by d?
16
Let p = -246 + 387. What is the remainder when p is divided by 18?
15
Suppose z - 35 = j - 9, 124 = 5*z - 3*j. What is the remainder when 2/((-8)/12) + 46 is divided by z?
20
Let s be 1/(8/216) - (3 + 0). What is the remainder when 134 is divided by s - (6 - (-2 + 3 - -1))?
14
Let o be 6/10 + (-94)/(-10). Let g = o + 36. Let q = g + -21. Calculate the remainder when 99 is divided by q.
24
Let y = -71 - -197. Calculate the remainder when y is divided by 74.
52
Let h be (-3 - -2)/(3/((-6)/2)). Let x(j) = 34*j. Calculate the remainder when x(h) is divided by 12.
10
Let h = -71 + 50. Let f(b) = b**3 + 22*b**2 + 21*b + 12. Calculate the remainder when 44 is divided by f(h).
8
Suppose 0 = 81*r - 70*r - 1287. What is the remainder when 350 is divided by r?
116
Let a = 1215 - 1116. W